n thousands digit of 165637?
6
What is the thousands digit of 43354?
3
What is the hundred thousands digit of 2275997?
2
What is the ten thousands digit of 177274?
7
What is the units digit of 344440?
0
What is the units digit of 214933?
3
What is the ten thousands digit of 780835?
8
What is the millions digit of 32495175?
2
What is the tens digit of 239985?
8
What is the tens digit of 1508094?
9
What is the hundred thousands digit of 2957783?
9
What is the millions digit of 17277150?
7
What is the hundreds digit of 7360883?
8
What is the units digit of 245279?
9
What is the units digit of 3173647?
7
What is the hundreds digit of 22416549?
5
What is the millions digit of 2915770?
2
What is the thousands digit of 314755?
4
What is the hundreds digit of 131513?
5
What is the hundred thousands digit of 651687?
6
What is the tens digit of 2051483?
8
What is the thousands digit of 3974338?
4
What is the ten thousands digit of 110543?
1
What is the millions digit of 1808170?
1
What is the ten thousands digit of 175078?
7
What is the hundred thousands digit of 266766?
2
What is the thousands digit of 3961857?
1
What is the tens digit of 293284?
8
What is the thousands digit of 222756?
2
What is the tens digit of 8099284?
8
What is the tens digit of 9095909?
0
What is the tens digit of 121176?
7
What is the units digit of 1108294?
4
What is the thousands digit of 113238?
3
What is the millions digit of 10492950?
0
What is the hundred thousands digit of 2928059?
9
What is the ten thousands digit of 94283?
9
What is the thousands digit of 32636?
2
What is the hundreds digit of 924984?
9
What is the hundred thousands digit of 3286007?
2
What is the hundred thousands digit of 990797?
9
What is the hundred thousands digit of 9125069?
1
What is the ten thousands digit of 487408?
8
What is the tens digit of 6580857?
5
What is the ten thousands digit of 24914275?
1
What is the tens digit of 1022935?
3
What is the units digit of 3286036?
6
What is the hundred thousands digit of 506553?
5
What is the ten millions digit of 21003604?
2
What is the thousands digit of 4323137?
3
What is the ten millions digit of 10007909?
1
What is the tens digit of 7158282?
8
What is the thousands digit of 1582578?
2
What is the thousands digit of 195087?
5
What is the tens digit of 8878242?
4
What is the units digit of 250617?
7
What is the ten thousands digit of 114229?
1
What is the tens digit of 2162584?
8
What is the thousands digit of 9237791?
7
What is the hundred thousands digit of 26571890?
5
What is the hundreds digit of 288379?
3
What is the hundred thousands digit of 3097185?
0
What is the hundred thousands digit of 625857?
6
What is the hundred thousands digit of 395146?
3
What is the thousands digit of 43268?
3
What is the thousands digit of 4564607?
4
What is the hundreds digit of 54754?
7
What is the units digit of 4432886?
6
What is the millions digit of 5314416?
5
What is the units digit of 2313241?
1
What is the units digit of 501609?
9
What is the hundred thousands digit of 317391?
3
What is the tens digit of 433800?
0
What is the ten thousands digit of 8386107?
8
What is the ten thousands digit of 1300092?
0
What is the ten thousands digit of 3770431?
7
What is the thousands digit of 1263676?
3
What is the millions digit of 6473099?
6
What is the hundreds digit of 79797?
7
What is the units digit of 47854?
4
What is the thousands digit of 5778245?
8
What is the thousands digit of 163753?
3
What is the units digit of 1265481?
1
What is the units digit of 980258?
8
What is the hundreds digit of 1868375?
3
What is the ten thousands digit of 943799?
4
What is the hundreds digit of 1355750?
7
What is the hundred thousands digit of 440491?
4
What is the ten thousands digit of 6505551?
0
What is the ten thousands digit of 3709015?
0
What is the thousands digit of 20310662?
0
What is the ten millions digit of 14511613?
1
What is the hundreds digit of 1160842?
8
What is the ten thousands digit of 5380266?
8
What is the tens digit of 16380368?
6
What is the millions digit of 11809630?
1
What is the thousands digit of 1115829?
5
What is the tens digit of 706145?
4
What is the ten thousands digit of 1102660?
0
What is the hundreds digit of 503301?
3
What is the tens digit of 1014927?
2
What is the thousands digit of 196736?
6
What is the tens digit of 739734?
3
What is the hundreds digit of 214208?
2
What is the tens digit of 7741031?
3
What is the hundreds digit of 599024?
0
What is the units digit of 521794?
4
What is the ten thousands digit of 570956?
7
What is the units digit of 653754?
4
What is the tens digit of 12283767?
6
What is the tens digit of 762163?
6
What is the tens digit of 14134?
3
What is the hundreds digit of 27136537?
5
What is the units digit of 3415949?
9
What is the ten thousands digit of 66892?
6
What is the ten thousands digit of 1542747?
4
What is the tens digit of 759576?
7
What is the tens digit of 186418?
1
What is the tens digit of 150820?
2
What is the hundreds digit of 43460?
4
What is the hundred thousands digit of 26305158?
3
What is the millions digit of 1394656?
1
What is the tens digit of 1108809?
0
What is the millions digit of 4194444?
4
What is the tens digit of 2740899?
9
What is the units digit of 935620?
0
What is the thousands digit of 76646?
6
What is the thousands digit of 3297331?
7
What is the hundreds digit of 239124?
1
What is the units digit of 474566?
6
What is the hundred thousands digit of 15378412?
3
What is the units digit of 1445855?
5
What is the tens digit of 2877808?
0
What is the ten thousands digit of 570680?
7
What is the hundred thousands digit of 763626?
7
What is the ten thousands digit of 139659?
3
What is the ten thousands digit of 566897?
6
What is the hundreds digit of 1526805?
8
What is the units digit of 4769513?
3
What is the hundred thousands digit of 198814?
1
What is the thousands digit of 18461972?
1
What is the tens digit of 918666?
6
What is the tens digit of 1976968?
6
What is the hundred thousands digit of 1143280?
1
What is the ten thousands digit of 4626678?
2
What is the tens digit of 21109340?
4
What is the units digit of 8374799?
9
What is the hundred thousands digit of 5396087?
3
What is the ten thousands digit of 7388664?
8
What is the tens digit of 59129?
2
What is the hundreds digit of 14100806?
8
What is the hundred thousands digit of 405721?
4
What is the millions digit of 2982943?
2
What is the thousands digit of 556257?
6
What is the tens digit of 3079160?
6
What is the hundred thousands digit of 912077?
9
What is the hundreds digit of 1043515?
5
What is the tens digit of 8664326?
2
What is the hundred thousands digit of 292380?
2
What is the tens digit of 2155559?
5
What is the ten thousands digit of 5582263?
8
What is the hundreds digit of 6880351?
3
What is the units digit of 149082?
2
What is the units digit of 10210070?
0
What is the thousands digit of 2087726?
7
What is the units digit of 1894915?
5
What is the hundred thousands digit of 7777478?
7
What is the thousands digit of 485317?
5
What is the hundreds digit of 310443?
4
What is the thousands digit of 1163265?
3
What is the tens digit of 5167248?
4
What is the thousands digit of 3763898?
3
What is the thousands digit of 3680823?
0
What is the tens digit of 317163?
6
What is the ten millions digit of 18580652?
1
What is the thousands digit of 9112923?
2
What is the ten thousands digit of 10385179?
8
What is the thousands digit of 1116259?
6
What is the hundred thousands digit of 158371?
1
What is the units digit of 1975165?
5
What is the hundreds digit of 3894838?
8
What is the thousands digit of 5648?
5
What is the units digit of 519705?
5
What is the hundreds digit of 278288?
2
What is the thousands digit of 1138354?
8
What is the ten thousands digit of 638414?
3
What is the thousands digit of 283639?
3
What is the hundreds digit of 4932151?
1
What is the hundred thousands digit of 702899?
7
What is the ten thousands digit of 10918482?
1
What is the tens digit of 435705?
0
What is the tens digit of 63502?
0
What is the hundreds digit of 325941?
9
What is the ten thousands digit of 87792?
8
What is the units digit of 3506846?
6
What is the ten thousands digit of 224504?
2
What is the ten thousands digit of 8939